2011?
-2022
In base 13, what is 44c + 18?
467
In base 9, what is 1227 + 3?
1231
In base 15, what is -20 + 0?
-20
In base 13, what is -3c8 - 8?
-403
In base 10, what is -1094 - -15?
-1079
In base 15, what is 55c - 4?
558
In base 14, what is 203 - -3?
206
In base 8, what is -1274 + 4?
-1270
In base 7, what is 115 - -6?
124
In base 12, what is a - -1a?
28
In base 11, what is 17 + -21?
-5
In base 2, what is -1 + 10011010?
10011001
In base 12, what is -203 + -4?
-207
In base 2, what is -1111110101 + 1?
-1111110100
In base 2, what is -10 - -1000?
110
In base 12, what is -96 + 268?
192
In base 13, what is -3 - -19?
16
In base 11, what is 2 - 30?
-29
In base 9, what is -11 - 264?
-275
In base 13, what is 5 - -1b?
23
In base 11, what is -50 + -72?
-112
In base 5, what is 11011 - 3?
11003
In base 9, what is -6 + -25?
-32
In base 8, what is 12156 - -1?
12157
In base 14, what is -18aa + 2?
-18a8
In base 12, what is 26 + 2?
28
In base 4, what is 12 + 200120?
200132
In base 14, what is 4 - -35?
39
In base 12, what is -193 - -36?
-159
In base 2, what is 0 - 100000?
-100000
In base 3, what is 1000 + -1100?
-100
In base 10, what is 0 + -1259?
-1259
In base 8, what is -17173 - -4?
-17167
In base 6, what is 52 - 1214?
-1122
In base 10, what is -4 + 207?
203
In base 13, what is 9 + 19?
25
In base 7, what is 62 - 103?
-11
In base 14, what is 1b8 - a?
1ac
In base 2, what is 10 - 11?
-1
In base 4, what is 3 - -10?
13
In base 2, what is 100 + -1011110010?
-1011101110
In base 6, what is 4 - -131?
135
In base 6, what is -3 - 514?
-521
In base 16, what is 81 - -29?
aa
In base 8, what is 62 + -1?
61
In base 8, what is -2 - 70?
-72
In base 8, what is -15 - 5?
-22
In base 11, what is 58 - -7?
64
In base 3, what is -1010 + -122?
-1202
In base 16, what is -4b6 + 1?
-4b5
In base 7, what is 1 - -11621?
11622
In base 15, what is -56 + 1?
-55
In base 9, what is 20 + -11?
8
In base 15, what is -2 - be1?
-be3
In base 13, what is 1 - 759?
-758
In base 4, what is -103 - 20?
-123
In base 12, what is 1 - 10?
-b
In base 5, what is -3 - -24?
21
In base 8, what is -333 + -2?
-335
In base 4, what is -303303 + 3?
-303300
In base 13, what is -2 - a4?
-a6
In base 15, what is -4 + -393?
-397
In base 10, what is 3 - 64?
-61
In base 4, what is -11 + 1311?
1300
In base 4, what is -10322 + -3?
-10331
In base 2, what is 1101111 + 111?
1110110
In base 3, what is -1 + 2211212?
2211211
In base 9, what is -117 + 0?
-117
In base 7, what is -6205 + 1?
-6204
In base 16, what is -d8 + 2?
-d6
In base 10, what is -14 - 666?
-680
In base 14, what is -124 + 11?
-113
In base 6, what is 1423 - 20?
1403
In base 4, what is 11 - 13?
-2
In base 8, what is 15 + -7?
6
In base 7, what is 201 + -10?
161
In base 16, what is -1d + -11?
-2e
In base 5, what is -30 + 3121?
3041
In base 7, what is 41 + -30?
11
In base 2, what is 1001 + -1110100?
-1101011
In base 14, what is 3 - -1c4?
1c7
In base 8, what is 4 + 101?
105
In base 3, what is 1020102 - 11?
1020021
In base 14, what is 10d0 + -3?
10cb
In base 4, what is -1203 - -20?
-1123
In base 15, what is -3b + 53?
17
In base 7, what is -6310 + -1?
-6311
In base 8, what is -60 + 5?
-53
In base 6, what is 413222 - -2?
413224
In base 3, what is 1022200 + -1?
1022122
In base 15, what is -3a1 + 1?
-3a0
In base 13, what is 32 - 1?
31
In base 6, what is 31410 - -10?
31420
In base 14, what is -5 + -71?
-76
In base 12, what is -5 + 144?
13b
In base 7, what is 6 + -461?
-452
In base 10, what is -2 - 112?
-114
In base 14, what is -5 + -8?
-d
In base 4, what is 1001 - -1201?
2202
In base 2, what is -110000 + 0?
-110000
In base 6, what is 2543 - -13?
3000
In base 15, what is -bb - -13?
-a8
In base 2, what is 10100101 + -11110001?
-1001100
In base 15, what is -5 - -4b?
46
In base 15, what is -5 - e9e?
-ea4
In base 12, what is -23 - -183?
160
In base 9, what is 1 + 1013?
1014
In base 16, what is -f + -485?
-494
In base 8, what is 23 + 53?
76
In base 9, what is -2 + 2?
0
In base 13, what is -8 - -3?
-5
In base 3, what is -211210 + -12?
-211222
In base 6, what is 4 - 32044?
-32040
In base 3, what is 1 + -2100020?
-2100012
In base 3, what is -1022 - -10?
-1012
In base 5, what is -14 - 40?
-104
In base 2, what is -110 - -111001101?
111000111
In base 13, what is -1 + 67b?
67a
In base 7, what is -5351 + 3?
-5345
In base 15, what is 2b - 45?
-19
In base 7, what is -5 - -660?
652
In base 4, what is -12023 - -111?
-11312
In base 13, what is -17 - -3b?
24
In base 16, what is -c + -11?
-1d
In base 13, what is 5 + -99?
-94
In base 13, what is -13 + -4?
-17
In base 3, what is -10 - 2221002?
-2221012
In base 15, what is 11e0 - 0?
11e0
In base 10, what is -2 + -160?
-162
In base 6, what is 3521 - 11?
3510
In base 12, what is 37 - -4?
3b
In base 2, what is 11001100 + -11010?
10110010
In base 2, what is 100001011 + -101?
100000110
In base 7, what is -4633 + 0?
-4633
In base 11, what is 2a87 + 2?
2a89
In base 3, what is 101101 + 2010?
110111
In base 8, what is 12 + -207?
-175
In base 9, what is -2 + 343?
341
In base 7, what is 5 + 6210?
6215
In base 9, what is -3 - 240?
-243
In base 6, what is 2231 - -5?
2240
In base 15, what is -7 - 25?
-2c
In base 2, what is 110000 + -1?
101111
In base 16, what is 69 - -b?
74
In base 14, what is -267 - 2?
-269
In base 10, what is -16 + -1234?
-1250
In base 5, what is -223 - 0?
-223
In base 10, what is -31 - 93?
-124
In base 3, what is 2 + -1012?
-1010
In base 9, what is -35 + -10?
-45
In base 10, what is -4 + -2?
-6
In base 8, what is -14 + -6?
-22
In base 8, what is 1 - -102?
103
In base 3, what is -2111 - 10?
-2121
In base 9, what is 0 - -481?
481
In base 9, what is 5547 - 0?
5547
In base 14, what is 1 + -301?
-300
In base 4, what is -113223 + 0?
-113223
In base 16, what is -46b - 4?
-46f
In base 2, what is -1001001 - -10010011?
1001010
In base 10, what is -66 + -10?
-76
In base 10, what is -82 + -6?
-88
In base 5, what is 1 - 120?
-114
In base 11, what is 3 + -101?
-a9
In base 6, what is 152 - 421?
-225
In base 5, what is 112 + -1340?
-1223
In base 6, what is -21 - 255?
-320
In base 8, what is 21 - -5?
26
In base 2, what is 1101100010 + 100?
1101100110
In base 12, what is -b + 8?
-3
In base 10, what is 323 + 0?
323
In base 9, what is 11 + 7?
18
In base 2, what is 101000 + 1001110?
1110110
In base 6, what is 4 + 15030?
15034
In base 6, what is 11 + -51?
-40
In base 3, what is 20 - 200?
-110
In base 8, what is -344 + -4?
-350
In base 12, what is -1 + -496?
-497
In base 4, what is -12000 + 101?
-11233
In base 16, what is -117 + 4?
-113
In base 4, what is -13 - 22?
-101
In base 6, what is 412 - -30?
442
In base 13, what is 31 - -47?
78
In base 15, what is 5 - 57?
-52
In base 4, what is 3 + 20131?
20200
In base 10, what is -9 + -18?
-27
In base 3, what is 11010 + 10?
11020
In base 12, what is 2 - 9b5?
-9b3
In base 7, what is 2 - 131?
-126
In base 9, what is -85 + -4?
-100
In base 14, what is 0 + -286c?
-286c
In base 11, what is 4307 + 4?
4310
In base 11, what is 4 - 5?
-1
In base 5, what is 10 - -1112?
1122
In base 12, what is 86a + -4?
866
In base 4, what is 1103322 + -1?
1103321
In base 4, what is -12321 + 13?
-12302
In base 7, what is 4 - -141?
145
In base 6, what is -4 + 200?
152
In base 13, what is 3 - -21a?
220
In base 15, what is -3e - -6?
-38
In base 15, what is 15 - -a4?
b9
In base 2, what is -1100000 - 100?
-1100100
In base 10, what is 4 + 228?
232
In base 5, what is -22314 + -10?
-22324
In base 4, what is 10 + -1123?
-1113
In base 5, what is 10032 + 1?
10033
In base 13, what is 6c - 6?
66
In base 13, what is 2 - -15?
17
In base 6, what is -1 - 15310?
-15311
In base 9, what is -13 + 24?
11
In base 13, what is -39ac + -5?
-39b4
In base 13, what is -918c + -3?
-9192
In base 13, what is 10 + 19?
29
In base 6, what is 1 - -2204?
2205
In base 6, what is -344 + -53?
-441
In base 4, what is -213 + -2?
-221
In base 6, what is -3 + 1450?
1443
In base 10, what is 12 + 2?
14
In base 15, what is 3 - -573?
576
In base 6, what is -1534 - -10?
-1524
In base 16, what is a + -211?
-207
In base 13, what is 0 + -c4?
-c4
In base 8, what is -447 - -14?
-433
In base 7, what is 3 - 126?
-123
In base 8, what is 350 + -1?
347
In base 9, what is 2 - -71?
73
In base 9, what is 23 + 5?
28
In base 12, what is -1 - -400?
3bb
In base 8, what is -456 - 4?
-462
In base 10, what is -7827 + 4?
-7